the highest common factor of a and 1037?
61
Let d = -2 - -63. Let j be 660 + 7 - ((-528)/(-22))/(-6). Calculate the greatest common factor of j and d.
61
Let o = -267 - -226. Let n(f) = -f**3 - 40*f**2 + 31*f - 42. Let w be n(o). Calculate the highest common divisor of 46 and w.
46
Suppose -83*w = -15*w - 50796. What is the highest common divisor of w and 45?
9
Let z(k) = 2422*k + 92039. Let a be z(-38). Let o = 125 + -86. Calculate the highest common factor of a and o.
3
Let k(j) = j**2 - 5*j + 6. Let h be k(5). Let a be (6/14)/((5 - 3)/(4060/58)). What is the highest common factor of a and h?
3
Let w be (-29)/(-58) + (-6)/(-4). Let s be 6554/(-565)*(-15)/w. What is the greatest common factor of 609 and s?
87
Suppose -3*l + 3*q + 7 = 10, 5*l - 4*q + 2 = 0. Let r be 4 + (9 - 9)/(l/(-1)). What is the greatest common divisor of r and 13?
1
Suppose -l = 6 - 74. Let z be 3/9 + (-56)/(-12). Suppose 5*h + 825 = 3*s + 2*s, -3*s + z*h + 485 = 0. Calculate the greatest common divisor of s and l.
34
Let q be -83*2/(-14) + 69/483. Let m be q/21 - (-20)/14. Suppose -2*w - 2*w = -88. What is the greatest common divisor of m and w?
2
Let o(s) = -9*s - 23 - 11*s + 19*s + s**2. Let w be o(-5). Suppose w*a = 13*a - 168. Calculate the greatest common factor of 70 and a.
14
Let b be ((-15)/6)/(-7*2/(-196)). Let u = b - -44. What is the greatest common factor of 657 and u?
9
Let s = 3636 - 3595. Calculate the greatest common divisor of 41 and s.
41
Suppose 398640 = 8*p + 16*p - 2*p. Calculate the greatest common divisor of p and 60.
60
Suppose 2045 = 233*k - 203*k + 335. What is the highest common factor of k and 1767?
57
Let i = 151 - 136. Let d be (1533/28)/(i/100). What is the highest common divisor of 5 and d?
5
Suppose 105*r = 8*y + 103*r - 3448, 0 = 2*y - 5*r - 844. Let g be ((-4)/(-6))/(1/24). What is the greatest common divisor of g and y?
16
Suppose 720*r = 715*r + 2*i + 178, -103 = -3*r + 5*i. What is the highest common factor of r and 11196?
36
Let p be (28/6)/(2/18). Suppose 19*u + 22 = 3. Let j be 36 - u - (9 - 0). What is the highest common factor of p and j?
14
Let l = 2 + 0. Suppose -7*a + 11*a - 6 = l*m, -4*m = -a - 2. Suppose 6 = -a*i, 3*i - 147 = -3*p + 4*i. Calculate the highest common factor of p and 6.
6
Let t be ((-13)/(234/60))/(4/6). Let b be (-32)/(-5) - (-2)/t. What is the greatest common factor of b and 498?
6
Let v be (4/3)/(-7 + (-3115)/(-441)). Calculate the greatest common factor of v and 21.
21
Let z(g) = 6*g**2 - 16*g + 25. Let d be z(2). Let a(x) = -x**2 - 12*x - 26. Let i be a(-9). What is the greatest common factor of d and i?
1
Suppose 4*m - m + 15 = 0, 280 = 5*k + 4*m. Let l = 9568 + -8608. What is the greatest common factor of l and k?
60
Suppose 565 = 5*q - 505. Suppose c + 3*c = 2*z + q, -275 = -5*c + z. What is the greatest common divisor of c and 266?
14
Let d be (0/((-3)/1))/(-12 + 9). Let m(v) = v**2 - 3*v + 225. Let i be m(d). Suppose -4*r = -5 - 95. Calculate the greatest common divisor of r and i.
25
Suppose 5*k + 3 = -2. Let j be ((-2)/4)/(k/26). Let x = -1901 + 1966. What is the highest common divisor of j and x?
13
Suppose -1222 = -27*u - 34. Suppose 9*z - 121 + 13 = 0. Let h be z - (3 - -2)/5. Calculate the highest common factor of u and h.
11
Let t(c) = c**2 - 3*c - 228. Let l be (-24)/48 + (-99)/6. Let z be t(l). Calculate the highest common factor of z and 28.
28
Suppose 144*m - 3219 = 669. What is the greatest common factor of 828 and m?
9
Let w(x) = 15*x + 73. Let n be w(-4). Let v = 512 - 265. Calculate the highest common divisor of n and v.
13
Suppose 6*h - 2*o - 380 = 0, -4*h + 290 = -7561*o + 7556*o. Let v(a) = -a**3 + 5*a**2 + 8*a - 4. Let l be v(5). What is the highest common factor of h and l?
12
Suppose 7*k - 11*k + 2*v + 794 = 0, k - 3*v - 201 = 0. What is the highest common divisor of k and 234?
18
Let q be ((-6)/(-4))/(-5*7/70). Let p be ((5 - -2) + -6)/(1/q). Let h be p/(-2)*(-340)/(-15). Calculate the highest common factor of 272 and h.
34
Let l be (72/(-810)*-9)/(2/65). Suppose 5*m + 0*m - 198 = -3*d, d = -3*m + 118. Calculate the highest common factor of m and l.
13
Let k = -2217 + 2233. What is the greatest common divisor of 3856 and k?
16
Let h = -49 - -41. Let k be (-3812)/(-6) + h/(-12). Let f be 0 + (-6)/15 - k/(-15). What is the highest common factor of f and 126?
42
Let h(j) = -22*j - 102. Let k be h(-6). Let w(f) = f**3 - 7*f**2 - 4*f - 8. Let v be w(8). What is the highest common divisor of k and v?
6
Suppose 0 = 24*d - 165 + 45. Suppose -4*r = -2*v - 514, -4*r + d*v + 441 + 64 = 0. Calculate the greatest common factor of 325 and r.
65
Suppose 0 = 5*k - 5, k - 123 = a - 258. What is the highest common factor of a and 72?
8
Let l(b) = -b**2 - 5*b - 4. Let p be l(-3). Suppose 0 = c + h - 24, c = 4*h + 6 - p. Let z = 97 + -47. Calculate the highest common factor of c and z.
10
Suppose 12 = -4*y + 7*y. Let v be y/6 - 124/(-3). Suppose -16*u = -14*u - v. What is the highest common factor of 7 and u?
7
Suppose -3575 = 4*h + 3*f - 16193, -2*h + f + 6294 = 0. Calculate the greatest common factor of 24 and h.
6
Let j = 1477 - 1360. Let a = 5 - 4. Let r be ((-5)/(-15))/(a/39). What is the greatest common divisor of j and r?
13
Suppose 0 = -0*h - 8*h + 1672. Let n = 223 - h. Suppose 3*b - 677 = -3*d + 2*b, -d + 2*b + 214 = 0. Calculate the highest common factor of d and n.
14
Suppose -2*q = -32 - 84. Let g(u) = 36*u + 696. Let x be g(0). Suppose 31*a - x = 7*a. What is the highest common divisor of a and q?
29
Let n(w) be the second derivative of -68*w**3/3 - 85*w**2/2 + 25*w - 2. Let p be n(-7). Calculate the greatest common factor of 17 and p.
17
Let n = 155 + -169. Let f be (-142)/n + (-19)/133. What is the greatest common factor of f and 70?
10
Suppose -595 + 3317 = 6*x - 6050. What is the highest common divisor of x and 129?
43
Let y(h) = h**3 - 6*h**2 - 5*h - 5. Let k be y(7). Let g be k/(-6)*(0 - 6). Suppose -8*f - 3 = -g*f. What is the highest common factor of 15 and f?
3
Let y = -105 - -109. Let t(l) be the first derivative of 2*l**3/3 - l**2 + 3*l + 1. Let f be t(y). What is the greatest common divisor of 3 and f?
3
Suppose -4*q + 3*m + 333 = 0, -3*q - 95*m + 97*m + 250 = 0. Calculate the greatest common divisor of 210 and q.
42
Let f = -440 + 441. Let l be (-110)/(4/(-4) - f). What is the greatest common factor of l and 15?
5
Suppose -8*z + 3*z - 3*u + 320 = 0, -4*u + 35 = 15. Let x be (-1099)/(-2) - 1/2. What is the highest common divisor of x and z?
61
Let p(k) = 3*k**3 - 2*k**2 + 2*k + 1. Let y be p(2). Let u = y - -20. Let s = u - 28. Calculate the greatest common divisor of 13 and s.
13
Let g(b) = 4*b - 10. Let j be 20/36*15 - 8/6. Let o be g(j). What is the greatest common factor of o and 144?
18
Let t(b) = -b**2 + 21*b - 13. Suppose 0 = 3*f + 189 - 231. Let x be t(f). What is the highest common divisor of 5 and x?
5
Suppose 5*w = 7 + 13, -2*w + 24 = 4*i. Suppose i*l + 16 + 16 = 0. Let c be (-140)/l*28/35. What is the highest common factor of 266 and c?
14
Let f be (14/(-8))/((-6)/48). Let s be f/(-6)*(5 - 23). Let n = -1252 - -1546. Calculate the greatest common divisor of n and s.
42
Let m = -61 - -146. Suppose 4*s = -5*o - 12 + 75, -s = 4*o - 13. What is the highest common factor of s and m?
17
Let c be (-373)/(-5) - (-140)/100. Let u = -4 + 0. Let p be 57*(u/(-3) + -1). What is the greatest common divisor of c and p?
19
Let s = 8115 + 4125. Calculate the highest common factor of s and 68.
68
Suppose 0 = -2*x - 4*v + 66, -1 - 8 = -x + 4*v. Let i be x/20 - 604/(-16). Calculate the greatest common factor of 143 and i.
13
Let b = 25857 - 24284. Calculate the highest common factor of 91 and b.
13
Let h(x) = 3*x**2 - 8*x - 1. Let m = -45 - -45. Suppose 5*j - 25 = 3*r, m*j - r = 2*j - 10. Let c be h(j). Calculate the highest common divisor of 170 and c.
34
Let i = 101 - 81. Let f = -61 + 122. Let u = 69 - f. What is the greatest common divisor of i and u?
4
Suppose 3*r = -m + 7, 2*r + r - 17 = m. Let w be r*1/((-2)/(-5)). Suppose 97*l - 370 - 178 = -63. What is the greatest common factor of l and w?
5
Let n be (-1)/(-2)*-6*-4. Let w be n*10/45*27/2. Suppose 2*k - 87 = 5*r, 22 = 3*k - 3*r - 95. What is the greatest common factor of k and w?
36
Let c = -21493 - -21647. What is